 the remainder when u is divided by q(10)?
12
Let t = -12264 + 14520. Calculate the remainder when t is divided by 61.
60
Suppose 17*m - 16 = 15*m. Let i = -209 + 119. Calculate the remainder when 1*(-1)/2*i is divided by m.
5
Let f be -2 - (11 + 0)/(-2 - -1). Suppose 2*q = -f*q + 319. Calculate the remainder when 289 is divided by q.
28
Let j(l) = -20*l - 18. Let s be j(-2). Let i = -7 + s. What is the remainder when 22 is divided by i?
7
Let f(w) be the first derivative of -2*w**3 + 54*w**2 + 3*w - 292. Calculate the remainder when 21 is divided by f(18).
0
Calculate the remainder when ((60/7)/(-3))/((-1364)/319858) is divided by 7.
5
Let j(b) = -2*b + 47. Let d(n) = -2. Let s(t) = 3*d(t) + j(t). Calculate the remainder when s(-10) is divided by 14.
5
Calculate the remainder when 11884 is divided by (-264)/66 - (3/15 - (-1848)/(-40)).
40
Let h(k) = k - 1. Let y(l) = -2*l + 8. Let a(o) = 3*h(o) + y(o). Let z be a(-5). Suppose 6*w + 6 - 18 = z. What is the remainder when 9 is divided by w?
1
Let t(h) be the second derivative of 19*h**5/10 - h**3/6 + h**2 - 27*h. Let l be t(1). Let p = 43 - l. Calculate the remainder when 15 is divided by p.
3
Let r(g) = -g**2 - 9*g + 84. Let i be r(-15). What is the remainder when ((-1068)/(-8))/((-3)/i) is divided by 90?
87
Let x(p) = 2*p**2 + 5*p - 9. Let q be x(-5). Let w = q - 3. Let o(y) = 4*y - 20. Calculate the remainder when o(14) is divided by w.
10
Let k = -432 - -376. Let a = k + 83. Calculate the remainder when a is divided by 22.
5
Let r = -80 + 238. Suppose 2*y + 5*x = 247, -y = 5*x - r + 22. Calculate the remainder when y is divided by 30.
21
Suppose -4*u - 4*f + 296 = 0, -2*u + 158 = -18*f + 15*f. Suppose -6*c = -4*c - 14. What is the remainder when (-11 + 3)*(u/(-8) - -7) is divided by c?
6
Suppose -12*l + 16*l + 2*r = 1992, -3*l = 2*r - 1493. What is the remainder when l is divided by 122?
11
Let l(a) = 71*a - 423. What is the remainder when 178 is divided by l(6)?
1
Let a be 11/(-198)*2 - (-8)/(-9). Suppose -5*y = -55 - 130. What is the remainder when y is divided by (2*a)/((10/(-100))/1)?
17
Let f(x) = -x**3 + 7*x**2 + 5. Let p = -131 + 138. Let u be f(p). Suppose -93 = -7*q + 2*q - l, -99 = -u*q - 3*l. What is the remainder when 34 is divided by q?
16
Let d = 1259 - 1235. Calculate the remainder when 4/26 - (-9 + 3267/(-143)) is divided by d.
8
Let n(w) = w**3 + 6*w**2 + w - 2. Let d be (0 + 0)/(28/(-4) + 8). Suppose d = -4*s + 186 - 58. Calculate the remainder when s is divided by n(-5).
14
Suppose 0 = -3*s - 4*v - 39 + 952, v - 919 = -3*s. Calculate the remainder when s is divided by 24.
19
Let i = 192 - 192. Suppose i = -5*y - 10, -2*v = 2*v - 2*y - 176. What is the remainder when v is divided by 9?
7
Suppose 0 = -3*z + 5*v + 2869, 0 = -12*z + 13*z - v - 955. What is the remainder when z is divided by 11?
7
Let a be (3 - (7 + -3)) + -1. Let r be (0 - (-9)/a)*196/(-147). Calculate the remainder when 945/(-28)*-4*r/9 is divided by 23.
21
Let w(m) = m**3 + 13*m**2 + 55*m + 176. Calculate the remainder when 4822 is divided by w(-9).
2
Suppose -19 = -4*z + 41. Suppose -5*a = -5*j - z, -3*j + 18 = a + 3. Suppose b - 41 = a. What is the remainder when b is divided by 24?
23
Let k = 28506 - 26663. Calculate the remainder when k is divided by 114.
19
Let l = 889 + -870. Suppose d = 5*p + 6 + l, 3*d - 87 = 3*p. Calculate the remainder when d is divided by 12.
6
Suppose 8*l - 16*l = 320. What is the remainder when 33 is divided by (5/40*-12)/(3/l)?
13
Let n = 6402 + -5944. Calculate the remainder when n is divided by 43.
28
Suppose -3*a = 3*r - 1488, 0 = 4*r - 877*a + 876*a - 1974. What is the remainder when r is divided by 227?
40
What is the remainder when ((8541/511)/(6/(-4)))/(3/(-14)) is divided by 33?
19
Let x = 54 + -22. Let n = -1341 - -577. Calculate the remainder when n/(-12) + 8/(-12) is divided by x.
31
Let j be (0 + 6)/(27/(-306)). Let d(i) = -2*i**3 - 6*i**2 + i + 6. Let v be d(-5). Let w = v + j. Calculate the remainder when 129 is divided by w.
30
Let s be -3*(-4)/(-3) - (-172 + -3). Let l = 8 - 4. Suppose -3*p = -4*o - 132, l*p - 2*o - s = -5. Calculate the remainder when p is divided by 14.
12
Let r = 28 - 36. Let w = r - -18. What is the remainder when 650/6 - ((-8)/3 - -4) is divided by w?
7
Let f(a) = a**3 + 7*a**2 - 10*a - 10. Let q be f(-8). Let b(z) = -z**2 + 3*z + 138. What is the remainder when b(10) is divided by (q/6)/(1/23)?
22
Suppose 3*w = -3*k + 120, 5*w - 4*k = 127 + 154. Let t = 19 - -1. What is the remainder when w is divided by t?
9
Let f = 1153 + -1133. Calculate the remainder when 105 is divided by f.
5
Suppose 263 = 2*z + l, -2*z - 12 + 272 = 2*l. Suppose -5*t + 230 = 4*y, 59*t + 4*y = 64*t - 190. What is the remainder when z is divided by t?
7
Suppose -3*o = 59 - 404. Let k(j) = 24*j + 507. Let g be k(-18). Let v = o - g. Calculate the remainder when v is divided by 15.
10
Suppose -13*b = -10*b - 36. Suppose 2 = -a - 2, -2*q + b = -3*a. Suppose -p - v = -48, p + q*p - 5*v - 78 = 0. Calculate the remainder when p is divided by 18.
17
Let x = -188 + 213. Let l = -88 - -103. What is the remainder when x is divided by l?
10
Suppose 74*u + 608 + 742 = 104*u. Calculate the remainder when u is divided by 14.
3
Let u = -756 - -573. Let l = 174 - u. What is the remainder when l is divided by 30?
27
Calculate the remainder when 3*(40 + 0 + 1) is divided by -20 - (-30 - 3 - 23).
15
Let v(c) = 21*c + 43. Let n(k) = -k**2 - 33*k - 168. What is the remainder when v(4) is divided by n(-24)?
31
Suppose -2*x - 204 = -244*f + 243*f, -f - 3*x = -199. What is the remainder when f is divided by 19?
12
Let m(i) = i**2 + 56*i - 89. Suppose -3*q + 1252 = q + 4*b, 2*b = -10. Suppose -l - q = -4*l. What is the remainder when l is divided by m(-58)?
25
Suppose -p + 86 = 3*g - 185, 0 = -3*p - 2*g + 778. Suppose -4*c + 33 = m, 0*m + 2*m - 70 = -4*c. What is the remainder when p is divided by m?
34
Let h = -3257 + 3302. Calculate the remainder when 476 is divided by h.
26
Let r(j) = 2*j**2 - 28*j - 234. Let z be r(-7). Suppose -z = -2*d + 42. Calculate the remainder when 151 is divided by d.
49
Suppose -62*i = -63*i + 394. Suppose i = t + 138. What is the remainder when t is divided by 37?
34
Suppose 3*z - 23 = -2*a, 5*a = -4*z - 7 + 47. Suppose -4*o + 10 = -2*w - 0, -11 = 3*w - a*o. What is the remainder when 68 is divided by ((-69)/(-18))/(w/(-6))?
22
Suppose 0 = -58*m + 59*m + 173. Let f = m + 447. Calculate the remainder when f is divided by 46.
44
Calculate the remainder when 4755 is divided by 8 + 475/15 + 12/(-18).
36
Let l = -2460 - -2479. What is the remainder when 93 is divided by l?
17
Let j(a) = -a**3 - 17*a**2 - 64*a - 492. Calculate the remainder when 2539 is divided by j(-15).
1
Let f(j) = 3*j + 40. Let h(w) be the first derivative of 5*w**2 - 6. Let v be h(-1). Calculate the remainder when 39 is divided by f(v).
9
Let d(a) be the third derivative of a**4/4 - 7*a**3/6 - 60*a**2. Calculate the remainder when 25 is divided by d(4).
8
Let f be (-654)/(-4)*(-3)/9*-4. Suppose 0 = -t - x + 546, -t + 319 = 4*x - f. What is the remainder when t is divided by 69?
66
Let w = 1705 - 1598. What is the remainder when w is divided by (6/(-60)*-4)/(2/140)?
23
Calculate the remainder when 33281/6 + (-37)/(-42) + 295/(-413) is divided by 37.
34
Suppose -338 = 2*j + 3*a - 527, -4*j = -4*a - 388. What is the remainder when 211 is divided by j?
19
What is the remainder when 11060/60 - (-6)/9 is divided by 18?
5
Suppose 0 = j + x + 3*x - 5, 1 = 3*j - 2*x. What is the remainder when 61 is divided by 56/35*(9 + j)?
13
Suppose 2*f = 7*f. Let k(i) = i**2 + i + 73. Let n(v) = 24*v**3 - 8*v**2 - 10*v + 9. Calculate the remainder when k(f) is divided by n(1).
13
Let t = 0 + 11. Suppose 144*c = 149*c + y - 469, -c + 4*y = -119. Calculate the remainder when c is divided by t.
7
Let x(s) = -s**2 + 61*s - 784. Calculate the remainder when 297 is divided by x(24).
89
Suppose -4*v + 2*m = -446, -1322*m = -2*v - 1317*m + 203. Let y = -1 + -11. Let r = y + 25. What is the remainder when v is divided by r?
10
Let q(o) = -59*o - 372. What is the remainder when q(-16) is divided by 1?
0
Let t(o) = o**3 + 14*o**2 - 8*o - 9. Calculate the remainder when t(-7) is divided by (-2 + 1 + 29)/((-15)/(-30)).
54
Let